5 and 425.
25
What is the greatest common divisor of 2832 and 528?
48
What is the greatest common factor of 88 and 40?
8
Calculate the greatest common factor of 453 and 38203.
151
Calculate the greatest common factor of 8142 and 184.
46
What is the greatest common divisor of 664 and 4?
4
What is the highest common divisor of 2940 and 392?
196
Calculate the highest common divisor of 248 and 256.
8
What is the greatest common factor of 168 and 1064?
56
Calculate the greatest common factor of 32 and 5200.
16
What is the highest common divisor of 20 and 260?
20
Calculate the greatest common factor of 252 and 518.
14
Calculate the highest common divisor of 286 and 52.
26
What is the highest common divisor of 3618 and 27?
27
Calculate the highest common divisor of 18 and 576.
18
Calculate the greatest common factor of 266 and 2204.
38
Calculate the greatest common factor of 1035 and 15.
15
What is the highest common factor of 54 and 837?
27
Calculate the highest common factor of 157 and 19939.
157
What is the highest common divisor of 32 and 396?
4
What is the greatest common divisor of 59 and 4661?
59
Calculate the greatest common factor of 3550 and 250.
50
Calculate the greatest common factor of 7 and 11445.
7
What is the greatest common factor of 230 and 598?
46
What is the greatest common factor of 391 and 51?
17
Calculate the greatest common divisor of 1738 and 1896.
158
What is the highest common divisor of 20 and 29860?
20
Calculate the greatest common factor of 255 and 435.
15
Calculate the highest common factor of 784 and 368.
16
What is the highest common factor of 147 and 343?
49
Calculate the greatest common divisor of 1788 and 12.
12
What is the greatest common divisor of 80 and 3920?
80
What is the greatest common divisor of 46 and 161?
23
What is the greatest common divisor of 42 and 3668?
14
What is the highest common divisor of 242 and 3751?
121
What is the greatest common factor of 43983 and 181?
181
What is the greatest common divisor of 451 and 41?
41
What is the greatest common divisor of 34 and 153?
17
Calculate the highest common factor of 143 and 104.
13
What is the greatest common factor of 12 and 1644?
12
What is the highest common divisor of 49 and 42?
7
Calculate the highest common divisor of 44 and 28.
4
What is the greatest common divisor of 170 and 1411?
17
What is the highest common factor of 616 and 112?
56
Calculate the greatest common factor of 34 and 68.
34
What is the highest common factor of 2184 and 78?
78
What is the greatest common divisor of 46130 and 35?
35
What is the highest common divisor of 5 and 980?
5
Calculate the greatest common divisor of 46 and 70426.
46
Calculate the greatest common factor of 5 and 65.
5
Calculate the greatest common divisor of 377 and 26.
13
What is the greatest common factor of 4779 and 81?
81
Calculate the highest common factor of 182 and 21.
7
Calculate the highest common factor of 2684 and 55.
11
What is the highest common factor of 6 and 16?
2
Calculate the highest common factor of 96 and 25008.
48
What is the highest common divisor of 170 and 221?
17
What is the greatest common divisor of 182 and 3666?
26
What is the highest common divisor of 1450 and 100?
50
Calculate the highest common divisor of 150 and 1770.
30
Calculate the highest common factor of 544 and 32.
32
Calculate the greatest common divisor of 364 and 28.
28
Calculate the greatest common divisor of 522 and 7076.
58
Calculate the highest common factor of 18 and 17838.
18
Calculate the greatest common divisor of 610 and 2318.
122
What is the greatest common divisor of 10 and 29815?
5
Calculate the highest common divisor of 22 and 33.
11
What is the greatest common divisor of 266 and 728?
14
What is the highest common divisor of 148 and 2812?
148
Calculate the greatest common factor of 16 and 964.
4
Calculate the greatest common divisor of 559 and 13.
13
What is the greatest common divisor of 2 and 74?
2
What is the greatest common divisor of 345 and 207?
69
Calculate the greatest common divisor of 416 and 52.
52
Calculate the highest common factor of 1183 and 455.
91
Calculate the highest common factor of 27 and 864.
27
What is the greatest common divisor of 318 and 12?
6
Calculate the greatest common factor of 24 and 1576.
8
Calculate the highest common factor of 244 and 5978.
122
What is the highest common factor of 600 and 8040?
120
Calculate the highest common factor of 16 and 20.
4
What is the greatest common divisor of 33 and 429?
33
What is the greatest common factor of 32 and 1232?
16
What is the greatest common factor of 2250 and 18?
18
Calculate the highest common divisor of 98027 and 61.
61
What is the highest common divisor of 4592 and 41?
41
What is the greatest common factor of 2183 and 767?
59
Calculate the highest common factor of 106 and 583.
53
Calculate the greatest common divisor of 318 and 530.
106
What is the greatest common divisor of 861 and 3157?
287
What is the greatest common factor of 756 and 112?
28
What is the highest common divisor of 8769 and 2133?
237
What is the greatest common divisor of 78 and 2418?
78
What is the highest common factor of 45 and 60?
15
What is the greatest common divisor of 234 and 156?
78
Calculate the highest common factor of 43 and 387.
43
What is the highest common factor of 713 and 92?
23
What is the highest common divisor of 475 and 38?
19
Calculate the highest common divisor of 9 and 243.
9
Calculate the highest common divisor of 18786 and 186.
186
Calculate the greatest common divisor of 7560 and 63.
63
Calculate the highest common factor of 6 and 98.
2
What is the greatest common divisor of 77 and 22?
11
What is the greatest common divisor of 13194 and 36?
18
Calculate the greatest common divisor of 143 and 10439.
143
Calculate the greatest common divisor of 19208 and 16.
8
What is the highest common factor of 824 and 309?
103
Calculate the greatest common divisor of 17572 and 184.
92
Calculate the greatest common factor of 216 and 48.
24
Calculate the highest common factor of 3 and 687.
3
Calculate the greatest common divisor of 69 and 483.
69
Calculate the highest common divisor of 1325 and 3551.
53
What is the highest common divisor of 79 and 1975?
79
What is the highest common divisor of 9 and 96?
3
What is the greatest common factor of 45184 and 32?
32
What is the highest common divisor of 1791 and 63?
9
Calculate the greatest common divisor of 4 and 844.
4
What is the greatest common factor of 190 and 38?
38
What is the greatest common divisor of 12 and 228?
12
What is the highest common divisor of 70 and 190?
10
Calculate the highest common factor of 17 and 1530.
17
Calculate the greatest common factor of 10 and 80.
10
Calculate the greatest common factor of 3927 and 385.
77
What is the highest common factor of 111257 and 71?
71
Calculate the greatest common factor of 66 and 5874.
66
What is the highest common divisor of 31617 and 108?
27
What is the highest common factor of 6 and 9444?
6
What is the greatest common divisor of 848 and 48?
16
What is the greatest common factor of 12 and 68?
4
Calculate the greatest common factor of 468 and 801.
9
What is the greatest common factor of 420 and 10740?
60
What is the greatest common factor of 1560 and 22776?
312
What is the highest common factor of 1133 and 99?
11
Calculate the greatest common divisor of 44 and 6116.
44
What is the greatest common factor of 2944 and 256?
128
What is the highest common divisor of 756 and 3213?
189
What is the highest common factor of 25 and 4665?
5
What is the highest common divisor of 1403 and 61?
61
Calculate the greatest common factor of 423 and 47.
47
What is the greatest common factor of 80 and 205?
5
Calculate the greatest common factor of 395 and 237.
79
What is the highest common divisor of 9900 and 100?
100
Calculate the greatest common divisor of 168 and 2928.
24
What is the highest common divisor of 8134 and 28?
14
What is the highest common divisor of 4068 and 144?
36
Calculate the greatest common factor of 275 and 319.
11
What is the greatest common factor of 126 and 72?
18
Calculate the highest common divisor of 1392 and 1024.
16
What is the greatest common divisor of 8559 and 54?
27
Calculate the highest common divisor of 145 and 87.
29
What is 